ppose 2*o + 24 - 66 = v. What is the remainder when 18/o*49*(2 + -1) is divided by 11?
9
Let w = -862 + 1183. Suppose -326*d = -w*d - 1790. What is the remainder when d is divided by 20?
18
Let t = 30489 - 30447. Suppose -4*x - 87 - 13 = -2*g, -g + 3*x = -52. Calculate the remainder when g is divided by t.
4
Let o be 16202/(-24) - (2 + (-375)/180). Let s = -663 - o. What is the remainder when 357 is divided by s?
9
Let j(l) = 620*l - 1248*l + 629*l + 20*l**2 + 1. Let b be (-12)/9*3 + 3. Calculate the remainder when 118 is divided by j(b).
18
Let o = -18 - -28. Suppose 9*y - 4*y = -2*c - 6, -y + 2*c + 6 = 0. Suppose y = 5*j + 3*h - 87, 2*j + h = 6*h + o. What is the remainder when j is divided by 8?
7
Let b be (-4 - 8 - -8) + (-130 - -2). Let d = 192 + b. Calculate the remainder when d is divided by (-64)/(-6)*(-6)/(-4).
12
Let b be (15/4)/((-57)/(-1444)). Suppose 5*w - 103 = -5*i + 97, 2*w + b = 3*i. Let v(g) = g**3 - g**2 - g - 3. What is the remainder when i is divided by v(3)?
11
Suppose -40033 = -707*y + 658*y. Calculate the remainder when y is divided by 160.
17
Let b be (1 - 1)/(12/(-6)). What is the remainder when 226 is divided by b + 1 + -3 - (-1534)/26?
55
Let j(f) = f**3 + 30*f**2 + 49*f + 70. What is the remainder when j(-26) is divided by 167?
164
Suppose 0 = -41*k + 864 + 325. What is the remainder when 390 is divided by k?
13
Let u be (-102)/4*(-4)/6. Let c = u - -11. Suppose 31*o = 33*o - c. Calculate the remainder when 26 is divided by o.
12
Let s(u) = 216*u + 870. Calculate the remainder when 1697 is divided by s(-4).
5
Suppose -h = -0 - 5. Suppose -h*i - 4 = 26. What is the remainder when i + 3 + 25 + (2 - -1) is divided by 9?
7
Let y be (-60)/18*2/4*-3. Suppose -6*h + 8*h = -5*r + 70, 25 = -y*h. Let z(f) = f**2 - 3*f + 3. What is the remainder when r is divided by z(3)?
1
Suppose -9*m + 77 - 14 = 0. Suppose 4 = -6*l + m*l. What is the remainder when 46 is divided by (288/(-56))/(l/(-14))?
10
Let f(k) = k**3 - k**2 + 14*k - 154. Let q = -121 - -181. Calculate the remainder when q is divided by f(5).
12
Suppose 0 = -3*m - 0*m + 132. Let f(r) = 2388*r + 21599. Calculate the remainder when f(-9) is divided by m.
19
What is the remainder when 2174 is divided by (-6 + (-505)/(-105) + 1/3)*-14?
2
Let m be (160/(-3))/(-4) + 5/(-15). Calculate the remainder when (-7)/(((-39)/18)/m) is divided by 12.
6
Let m be (2 - (-13)/(-2))/(1/(-22)). Let w = m + 72. Calculate the remainder when w is divided by 16.
11
Let n = -4922 + 4942. What is the remainder when 168 is divided by n?
8
Suppose -5*f + 6*f = 3. Suppose 3*l = r + 160, -270 = -f*l - 2*l + 5*r. Calculate the remainder when 316 is divided by l.
51
Let l = 2988 - 2886. Calculate the remainder when 509 is divided by l.
101
Suppose 5*c = -4*o + 102, -4*o + 23 = -4*c - 61. Let z = -2873 - -2986. What is the remainder when z is divided by o?
21
Let l = -20137 + 21007. What is the remainder when l is divided by 181?
146
Let p be (-3 - (-14)/6)*(-15)/2. Let f(k) = -2*k**2 + 11*k - 1. What is the remainder when 14 is divided by f(p)?
2
Let s(z) = z**3 + 26*z**2 + 22. Let o = 69 - 58. Suppose -211 - 75 = o*v. What is the remainder when 150 is divided by s(v)?
18
Suppose 12*h - 17*h + 20 = 0. Suppose -4*n - 4*q + 110 = n, -92 = -4*n - h*q. What is the remainder when n is divided by 4?
2
Let w(q) = -2*q + 33. Let p = 212 - 206. Let i = 4 + 36. What is the remainder when i is divided by w(p)?
19
Let w(k) = 2*k**2 + 45*k - 21. Let b be w(-23). Suppose -5*j - i = -2*j - 17, 0 = -b*j - 2*i + 6. Calculate the remainder when 97 is divided by j.
6
Suppose -t - d + 2*d = -47, -4*t = -d - 182. Suppose 0 = 2*s - t + 39. Calculate the remainder when 24 is divided by s.
0
Suppose -40 = -2*d + d. Let x = -27137 + 27159. Calculate the remainder when d is divided by x.
18
Let i = 525 - 517. What is the remainder when (-2 - -108) + 1 + -4 is divided by i?
7
Let u(i) = i**3 - 31*i**2 - 1401*i + 73. Let v(k) = -6*k**3. Suppose 0 = -4*j + 2 - 6. Calculate the remainder when u(56) is divided by v(j).
5
Suppose 13*g = 7951 - 4324. What is the remainder when 1711 is divided by g?
37
Suppose 18*u + 1070 = 1628. Calculate the remainder when 200 is divided by u.
14
Suppose -3*c - 69 = -378. Let x be 4/(-30) - (-140)/(-75). Calculate the remainder when c is divided by (-104)/2*(x + 1).
51
Let i(z) = -15*z - 41. Let l be i(-14). Suppose -167*f = -l*f + 188. Calculate the remainder when f is divided by 24.
22
Suppose 0 = -14*u + 5 + 27 + 150. Let v(j) = 10*j + 7. Let p be v(-5). Let w = p + 81. Calculate the remainder when w is divided by u.
12
Let s = 27 + -13. Let k be 12*(102/18 + -4). Let p = 88 - k. What is the remainder when p is divided by s?
12
Let k(p) = -p**3 - 4*p**2 + 7*p + 18. Let s be k(-5). Suppose -2*i = -s - 16. Calculate the remainder when 83 is divided by i.
11
Suppose z = -3*w + 2802 - 622, 0 = -w + z + 724. Calculate the remainder when w is divided by 23.
13
Suppose 0 = 23*z - 18*z. Suppose 2*m + z*m = 2*u + 22, -2*u = -m + 18. Let h = u - -28. What is the remainder when 40 is divided by h?
19
Suppose -61*f + 55*f = -1218. Suppose -2*m = -5*g - 23, -10*m + 5*m = 3*g - 104. What is the remainder when f is divided by m?
13
Calculate the remainder when (-1)/((8/(-87820))/(4/10)) is divided by 183.
182
What is the remainder when 307 is divided by 14/(-28)*(18/(-5))/((-8)/(-40))?
1
Suppose 27*o + 2 = 28*o. Suppose -3*u + o = -52. Calculate the remainder when 53 is divided by u.
17
Suppose 22*k - 20*k = 4*z + 972, -k + 498 = z. Calculate the remainder when k is divided by 40.
14
Let o(c) = -c + 60. Let f be (-1 + -4)*(-7 - -6). Suppose -2*v - 42 = -f*v. Calculate the remainder when o(5) is divided by v.
13
Let s = -6955 - -7151. Calculate the remainder when s is divided by 3.
1
Let o be 0/(-5) + 4 - 4. Suppose o = 3*q + 10 - 40. Suppose 0 = 203*h - 201*h - 114. What is the remainder when h is divided by q?
7
Let s(k) = 1830*k + 5674. Calculate the remainder when 7535 is divided by s(-3).
175
Calculate the remainder when 257 is divided by (-6 + (-168)/(-9))*(-6)/(-4) - 6.
10
Let b(u) = -u**3 - 8*u**2 + u - 17. What is the remainder when ((-20)/(-45))/(4/954) is divided by b(-9)?
51
Let d = 8621 - 8552. Calculate the remainder when 6414 is divided by d.
66
Let x(d) = -2*d**3 + 11*d**2 + 25*d - 84. What is the remainder when 48 is divided by x(6)?
18
Let x(y) = 9*y + 57. Let s(z) = z - 1. Let v(q) = -2*s(q) + x(q). Let w(r) = -133*r + 281. Let l be w(2). Calculate the remainder when v(l) is divided by 33.
32
Suppose 520*g - 642479 = 1927242 - 203201. Calculate the remainder when g is divided by 57.
48
Let j(w) = -2*w**3 + 7*w**2 + 4*w + 3. Let d be j(4). Suppose 0 = 5*x - 8*p + 7*p - 44, -d*x + 5*p = -44. What is the remainder when 26 is divided by x?
2
Let k(l) = -532*l - 79760. Let d be (26 - 2)/2 + 2. Let v = 29 - d. Calculate the remainder when k(-150) is divided by v.
10
Let h be -5 + 2 + 3/1. Suppose h*j = 2*j - 4*k - 86, -71 = -2*j + k. Let c(v) = v**3 + 28*v**2 - 59*v + 42. Calculate the remainder when j is divided by c(-30).
9
Let f = 43 - 39. Suppose -83 - 5 = -f*w. What is the remainder when 83 is divided by w - (1 - (-1 + 2))?
17
Let k(f) = -3 + 7*f**2 + f**3 - 2*f - 3 - f**2. Suppose y - 399 = -3*r, 15 = -11*y + 6*y. What is the remainder when r is divided by k(-4)?
32
Let i(o) = -50*o**2 + 274*o - 3. Calculate the remainder when i(4) is divided by 143.
7
Suppose -33*c + 44030 = 175*c - 23*c. Calculate the remainder when c is divided by 178.
60
What is the remainder when (-26433)/(-54) + (-3)/6 is divided by 122?
1
What is the remainder when 611 is divided by (-88)/198 + 23630/153?
149
Let f be (5 - 316/(-8))*-2. Let m = f - -92. Suppose -4*y - 2*v - 18 = -8*y, 1 = -2*y + m*v. Calculate the remainder when 26 is divided by y.
5
Suppose h - 557 = -3*t, -3*h + 5*h + 5*t = 1119. Calculate the remainder when h is divided by 31.
14
Let q = 1550 - 1314. Calculate the remainder when q is divided by 63.
47
Suppose -3*p - 4*q + 12054 = 0, q - 4025 = -p + 2*q. Calculate the remainder when p is divided by 23.
20
Suppose -104 = 31*k - 36*k + 2*v, 0 = -v - 2. What is the remainder when 37 is divided by k?
17
Suppose 0 = -3*t - 9, -2*t + t + 270 = x. Calculate the remainder when x is divided by (2*15/24)/(